4*w. Suppose -16*v + 16 = -64. Is i(v) prime?
True
Suppose 9453 = -10*m + 9*m. Is m/(-5) + 6 + (-56)/10 a prime number?
False
Suppose 5*b + k = 4*k + 4, 0 = -5*k + 10. Suppose -4*o + 2 = b*t - o, 4 = 4*t + 3*o. Is (14 - t)/((2 - 5)/(-93)) prime?
False
Let l = -8646 + 13236. Suppose -3*o + 3964 = -5777. Let n = l - o. Is n composite?
True
Let b(v) = -11223*v**2 - 58. Let a be b(16). Is 6/22 - a/319 prime?
True
Suppose -16 - 48 = 4*i. Let p = i - -19. Suppose -4*q + 1432 = -p*l - 0*l, 4*l - 339 = -q. Is q composite?
True
Let o(d) = 328*d**2 + 650*d - 29. Is o(24) a composite number?
True
Let s(u) = -6*u**3 + 15*u**2 - 19*u + 39. Let n(r) = 2*r**3 - 5*r**2 + 6*r - 13. Let l(t) = -8*n(t) - 3*s(t). Is l(9) prime?
False
Let r(s) = 53*s**3 - 52*s**2 + 35*s - 25. Is r(16) a composite number?
False
Let j(n) = -3*n + 6. Let o be j(4). Let f be 0*(-2)/o*15/10. Suppose 5*q + 4*g = q + 7848, f = -2*q + 5*g + 3959. Is q a prime number?
False
Let k = -12541 - -81968. Suppose k - 11142 = 5*d. Is d a prime number?
True
Let a(u) = u**3 - 35*u**2 + 91*u - 152. Is a(37) a composite number?
False
Let v(r) = 109*r**2 + 24*r + 40. Let c = 512 - 499. Is v(c) composite?
False
Let h = -2242 - -2242. Let b(t) be the third derivative of t**5/60 - t**4/12 + 115*t**3/6 + t**2. Is b(h) a composite number?
True
Suppose -119*t + 17556376 + 30181783 = 0. Is t a composite number?
False
Let d(j) be the first derivative of j**4/2 + j**3/3 + j**2/2 + 2*j + 34. Let l be d(0). Suppose l*k + 5*k = 11851. Is k prime?
True
Suppose -2*g = -5*k - 24, 2*k + 5*g = -0*g + 2. Let o be (k - (-1 + -6)) + 0. Suppose 4*s - 977 = -6*v + o*v, v - 2*s - 309 = 0. Is v prime?
False
Is (-11 - 697003)/(-18)*1 a prime number?
True
Is (-30)/(-300) + (-109541535)/(-150) a composite number?
False
Let d = -347 + 534. Suppose 0 = 2*x + 4*k - 990, -3*k - d - 288 = -x. Is x prime?
True
Suppose 0 = -20*u + 33*u. Let a(k) = -38*k + 47*k + k**2 - 14 + u. Is a(24) a prime number?
False
Let j be 32/(-4 - -12) + 0. Suppose -q + 36711 = 5*z - 38830, -2*z - j*q + 30202 = 0. Is z a composite number?
True
Let z = -984669 + 2041576. Is z composite?
True
Let i be (2/(-8)*-243)/(11/88). Suppose 333 = 3*g - 228. Let t = g + i. Is t a prime number?
True
Suppose 0 = -2*c + 2*l + 5 + 3, -c - 5*l = 20. Is (1 + c)/(((-8)/(-7388))/2) prime?
True
Let p = 131288 - 76771. Is p prime?
True
Let p(j) = -2*j**2 + 46*j + 26293. Is p(0) prime?
True
Suppose 4*o + c - 392460 = 21342, -3*o - 5*c = -310343. Is o prime?
True
Let x = 75054 - 17309. Is x composite?
True
Let n = 4817 + 25212. Is n a composite number?
False
Let k be ((-7)/(-4))/((-3)/(-24)). Is 6/(-4) + 118559/k a prime number?
True
Suppose -m - 3552 = -7*m. Let b = -163 + 424. Let j = m + b. Is j a prime number?
True
Suppose 5*i + 3*u = -5932 + 34687, -3*i + 17247 = 3*u. Let w = -3175 + i. Is w a composite number?
False
Let j(h) = h**2 + 11*h + 24. Let n be j(-4). Let z(w) = 23 - 920*w + 0 + 327*w. Is z(n) prime?
False
Suppose 3 = -6*t + 3. Suppose -2*z - 2*j = -t*j - 1098, 0 = -5*z - 3*j + 2749. Let i = z + -300. Is i composite?
False
Suppose 5*n = -0*n + 310. Suppose -n*d - 213 = -65*d. Suppose -5*x + 24 = -d. Is x a composite number?
False
Is ((-3)/(-2))/(-7 - (-243)/36) + 59777 a composite number?
False
Let u = -2382 + 3275. Is u a composite number?
True
Let m = 85 + -88. Let l(b) = -60*b**3 - 3*b**2 - b - 1. Let u be l(m). Suppose 41*a - 36*a = u. Is a a composite number?
True
Let h be (-17)/(17/2)*-26456. Let g = 95811 - h. Is g a composite number?
False
Let c(k) = -4*k**3 + 7*k**2 - k**3 + 6*k + 2 + 2*k + 6*k**3. Let v be c(-5). Is 1/(v/(-4))*-897 a composite number?
True
Suppose 15*p + 5*z = 19*p - 9624, -3*z = 2*p - 4834. Is p a prime number?
True
Let p be 9 + (-387)/45 + 581876/10. Suppose -6*t + p = -90288. Is t a composite number?
True
Let n(h) = 3*h**3 - h**2 - h + 2. Let d be n(1). Suppose 0 = -o + d*o. Suppose 7*r - 240 - 2609 = o. Is r prime?
False
Let f = 171 + -169. Is -1 + (-2)/f + (-1 - -3674) a composite number?
False
Let o = 10933 - 7854. Is o prime?
True
Suppose -1872 = -3*q - 3*q. Suppose -15*l = -q - 513. Is l a composite number?
True
Suppose -73577 = -16*t + 40759. Suppose -1069 = -5*x + t. Is x composite?
True
Let q(n) = 136*n**2 + 15*n - 12. Let d be ((-105)/(-14) - 4)/((-2)/4). Is q(d) composite?
False
Let j(b) = b**2 + 2*b - 14. Let i be j(4). Suppose i*t - 181 = 839. Suppose -3*a + 0*a = -t. Is a composite?
True
Suppose 0 = -2*l - 4, 0*i - i + 5 = -l. Let f be (-3)/(-12) - ((-57)/4)/i. Is (-2)/(-1)*(f - (-585)/10) a prime number?
True
Suppose -2*z - 5*t + 43 = -4*t, 35 = z - 4*t. Suppose 2*g - z = -13. Let n(j) = 6*j**3 - 6*j**2 + 6*j + 3. Is n(g) a prime number?
False
Suppose -1509 - 811 = -2*t. Suppose 6*l - l + 368 = -j, -l - t = 3*j. Is 1/(((-12)/j)/3) a composite number?
False
Let j(y) = 2*y**2 + 75*y + 303. Let z be j(-33). Let p(k) = -k**2 + k + 1. Let b(l) = -27*l**2 + 2*l - 34. Let n(g) = -b(g) - 3*p(g). Is n(z) composite?
True
Suppose -6 - 18 = 6*d. Let w(k) = -65*k**3 + 4*k**2 - 7*k - 8. Let h be w(d). Is (h/16)/(4/16) a prime number?
True
Suppose k - 4*s - 426150 - 560027 = 0, 2*k = -3*s + 1972321. Is k a composite number?
True
Let c(t) = -5*t - 27. Let f be c(-13). Suppose f*y + 20 = 33*y. Is (y + 2 + 1)/(6/(-4038)) prime?
True
Suppose -1093*y + 1102*y - 602271 = 0. Is y a composite number?
False
Suppose 4*z = -5*j + 96, -5*z + 5*j + 100 = -20. Let v be (-64916)/(-10) - z/(-60). Is (-16)/(-12)*v/16 a composite number?
False
Suppose 0 = f + 2*x + 82, -2*x = -5*f + x - 423. Let y be f/49 - (6/21 + 0). Is 1/y*(-12)/6 + 202 prime?
False
Let p be ((23008/(-5))/(-4))/(24/60). Suppose -7*y + 18535 = p. Is y prime?
True
Suppose -7402440 = 2*l - 8*l - 18*l. Is l prime?
False
Suppose i + i + 91 = h, -2*h - 5*i + 182 = 0. Is 96577/h + (-4)/14 a prime number?
True
Let m = -175850 - -578641. Is m a composite number?
True
Let u(k) be the third derivative of -37*k**4/24 - 15*k**3/2 - 47*k**2. Is u(-8) prime?
True
Suppose 0 = -3*o + 4*p - 4, 5*o - o - 5*p = -7. Let x(k) = -k**2 - 8*k - 6. Let v be x(-7). Is ((-11998)/o)/(v/4) a prime number?
False
Is (-7936884)/54*42/(-28) a prime number?
True
Suppose -6370 = 12*i + 14*i. Let q = i - -466. Is q composite?
True
Let c(j) = 215*j**2 - 44*j - 655. Is c(-14) a composite number?
False
Is (2*(494457/(-6) + 6))/(-1) a composite number?
True
Let v(g) = 36*g**3 - 6*g**2 - 11*g. Let h be v(8). Suppose -h = q - 9*q. Suppose -y - 4*y = -q. Is y a composite number?
False
Let s = -1197 + -5196. Is (-4 - s)/((-4)/(-4)) a composite number?
False
Suppose q - 43171 = -4*w, -267*q + 264*q + 3*w = -129483. Is q a composite number?
True
Suppose -5*f + 188040 = -5*d, -3*d + 75191 = -114*f + 116*f. Is f a prime number?
False
Suppose 27*q - 22*q = 3*i + 95519, -2*i - 305676 = -16*q. Is q prime?
False
Let n be 0 + 9/(3/1). Is n/(-3*(-4)/14228) prime?
True
Suppose 485957 = 24*y + 53549. Is y a prime number?
False
Suppose -6*o + 349325 = -72091. Suppose -20*w + o = 16. Is w composite?
False
Let r(y) = 1528*y + 49. Let c(g) be the first derivative of -1146*g**2 - 74*g + 1. Let s(a) = 5*c(a) + 7*r(a). Is s(-5) composite?
False
Let w = 763 + -636. Suppose w*v = 50*v + 487949. Is v a composite number?
False
Let r(w) = -111*w**2 + 9*w - 33. Let o be r(7). Let z = o + 8130. Is z prime?
False
Suppose -w = -4*a + 75, w + w - 10 = 0. Let l be (-3)/15 + (-4)/(-20)*81. Suppose a*u - 1524 = l*u. Is u a composite number?
True
Is 7/((-168)/(-40)) + 520730/15 a composite number?
True
Let s(g) = g**3 - 8*g**2 + 2*g - 14. Let c be s(8). Suppose -6820 = -t - 3*a, -5*t - c*a = -a - 34030. Is t a composite number?
True
Let x(t) = -23*t**3 - 9*t**2 + 2*t + 2. Let u be x(-3). Is ((-33)/12)/((-2)/u) a composite number?
True
Let m(l) = -l**3 - 22*l**2 - 3*l - 17. Let u be m(-21). Let i = u + 790. Let g = i + -64. Is g composite?
False
Let s(n) = -n**3 + 28*n**2 + n - 5. Let o be s(28). Suppose 12*g - o*g = -9977. Is g prime?
True
Let n = -277 - -279. Is (1 - 0)*(n + 4500) a composite number?
True
Let p be (-2 - 14/(-8)) + 68/16. Suppose -p*c + 28 = 8. Suppose -t + 2*t + 2*x - 1006 = 0, 2*t - c*x = 1976. Is t a composite number?
True
Let m = 476 - 1628. Let c = m - -5378. Suppose -12*a + 5722 = -c. Is a composite?
False
Let m(t) = t**3 - 4*t**2 - 12